e k(2). What is the units digit of d(y)?
4
Let o = -99 - -59. Let w = o + 60. What is the units digit of w?
0
Let m = 8 - 19. Let o = -7 - m. What is the units digit of o?
4
Suppose -8 - 5 = -y. Let q be 9 - ((-8)/2)/2. Suppose 2*j + d = q, j + d + d = y. What is the units digit of j?
3
Suppose -2*k + 244 = 3*u, 4*k - 29 = -u + 479. What is the hundreds digit of k?
1
Suppose 4*b = 2*m + 12, 5*b - 4*m - 14 = 1. Let a = b - 0. What is the units digit of a?
3
Suppose 0*d - 3*d = 0. What is the units digit of 11 - 9 - (0 + d)?
2
Let i = 9 - 16. Let m = -1 - i. What is the units digit of m?
6
Suppose 5*f + 25 = 0, -f = -3*l + 102 + 20. What is the tens digit of l?
3
Let g(r) = 2*r**2 + 10*r + 3. Let u(i) = i - 14. Let c be u(7). What is the tens digit of g(c)?
3
Suppose -2*h = -5*k - 32, -6*k + 2*h - 20 = -3*k. What is the tens digit of 56/k*(-6)/4?
1
Suppose -3*w + 16 - 52 = 0. What is the tens digit of 42/(-6)*w/2?
4
Suppose -29 = -2*i + 41. What is the units digit of i?
5
What is the units digit of 2/(6/15) - -1?
6
Suppose -28 = -5*z + 2*i + i, 5*z + 3*i - 22 = 0. Suppose -4*w - 22 = -z*w. What is the tens digit of w?
2
Suppose 0 = -2*w - w + 6. Let x(h) = 2*h - 2. What is the units digit of x(w)?
2
Suppose 16 = 4*b + 4. Suppose -b*k + 1 = -8. What is the units digit of k?
3
Let v = -17 + 19. What is the tens digit of (-168)/(-10) + v/10?
1
Let n(j) = -j**3 + 4*j**2 - 3*j. Let p be n(3). Suppose -16*y = -14*y - 8. Suppose p = y*x - 3*m + m - 36, 3*m + 5 = -x. What is the units digit of x?
7
What is the units digit of ((-1)/3)/((-11)/231)?
7
Let q be 0/(2/(-2)) - 2. Suppose 4*f + 6*v - 4*v = -32, -5*v = f + 8. Let k = q - f. What is the units digit of k?
6
Let w(c) = -c + 11. Let r be w(8). Suppose -5*i = 4*n - 25, -4*i = -5*i - r. What is the tens digit of n?
1
Let m be ((-4)/10)/((-1)/5). Suppose -5*c + c + 4 = 0. Let q = m - c. What is the units digit of q?
1
Let a(q) = 9*q - 2. Suppose 3*x = x + 8. What is the tens digit of a(x)?
3
Suppose 0 = 5*t - 6 - 4. Let n(f) = -2 + 9 - 10*f - 1 - f**t. What is the units digit of n(-10)?
6
Let v(b) = -b**2 - 4*b + 7. Let u be v(-5). What is the tens digit of (-2)/5*(-23 - u)?
1
Let y = 15 - 9. Suppose y*a - 6 = -2*f + 3*a, -5*f + a = -32. What is the units digit of f?
6
Suppose -4*s + 9 = -39. What is the tens digit of s?
1
Suppose k + 2 = 5*n, n + 5 + 31 = 3*k. Suppose 2*q = -1 + k. Suppose -q*s + s = -20. What is the units digit of s?
4
Let p be (-2 - -1)*(-4 + -1). Suppose -k = -4*l + 36, -p*k + 15 = -5. What is the tens digit of l?
1
Let w be -1 + (-1)/(1 + 0). Let a(y) = -5*y - 1. What is the units digit of a(w)?
9
Suppose -3*c = -2*c - 1. Let s = 1 + c. What is the units digit of -4*(5 - s)/(-3)?
4
What is the tens digit of -2 + (-4)/((-16)/76)?
1
Suppose -5*p - 8 + 3 = 0. Let v(s) = -32*s + 1. What is the units digit of v(p)?
3
What is the units digit of 35/15*-1*(-5 - -2)?
7
Let q be 0/(4*(-4)/8). Let k be 1*(14 + -1)/(-1). Let u = q - k. What is the units digit of u?
3
Suppose -4*f + 300 = f - 5*c, c = -4*f + 215. What is the tens digit of f?
5
Suppose -5*b = -5*m - 6 - 44, -4*b = 5*m + 5. What is the units digit of b?
5
Let p(v) = v - 6. Let b be p(0). Let u(i) = -i**2 - 9*i - 8. What is the units digit of u(b)?
0
Let s = -20 - -27. Let k = 11 - 7. Suppose -k*x + s*x = 24. What is the units digit of x?
8
Suppose 0 = -4*y - w + 199, -3*y + 5*w = -16 - 116. What is the units digit of y?
9
Let l(a) = -a**3 - 7*a**2 + 3*a - 1. What is the tens digit of l(-8)?
3
Let n = -5 + 9. Let r = n + 8. What is the tens digit of r?
1
Let d = 4 + -4. Let t(q) = -q**2 + 9*q - 10. Let x be t(7). Let o = x - d. What is the units digit of o?
4
Suppose 3*y + 96 = 7*y. What is the tens digit of y?
2
Suppose h - 2 = -0*h. Let k(f) = 5*f**2 - f - 2. What is the tens digit of k(h)?
1
Let m(o) = 55*o**2 + 2*o + 2. What is the tens digit of m(-1)?
5
Let u(v) = 13*v - 20. What is the units digit of u(17)?
1
Let m(d) = -19*d + 40. What is the units digit of m(-6)?
4
Let u(a) = 5*a**3 - 13*a**2 + 9*a - 1. Let h(g) = -4*g**3 + 12*g**2 - 9*g + 2. Let p(b) = -4*h(b) - 3*u(b). What is the units digit of p(8)?
3
Let f be ((-8)/3)/((-2)/3). Suppose 2*m + f = 2. Let s(k) = 9*k**2 - k. What is the tens digit of s(m)?
1
Let f = -12 - -125. What is the tens digit of f?
1
Suppose y = 5*g - 122, 0*g - 2*g = 3*y - 59. What is the tens digit of g?
2
Let j = -112 - -159. What is the tens digit of j?
4
Let u = -42 + 45. Let k(j) = -j**3 + 5*j**2 + 7*j - 2. Let r be k(6). Let h = r - u. What is the units digit of h?
1
Suppose 4 = -f + 8. Suppose -f*u + u + 12 = 0. What is the units digit of u?
4
Suppose -7*t + 2*t + 20 = -5*v, 4*t - 17 = 3*v. What is the units digit of v?
1
Let b = 1 - 1. Let q be b - -4 - (4 + -4). Suppose 2*h + q = 10. What is the units digit of h?
3
Let r(x) = -4 - 11*x + x + 1 - 2 - x**2. What is the tens digit of r(-8)?
1
Let f = -4 + -1. Let k(h) = -5*h**3 - 9*h**2 + 4*h - 1. Let c(x) = x**3 + x**2 + 1. Let d(a) = -4*c(a) - k(a). What is the tens digit of d(f)?
1
What is the tens digit of 4/10 - 1071/(-35)?
3
Suppose 5*u - 4 = 3*u. Suppose 11 = -u*t - 5*m, t - 4*m - 17 = m. Suppose -t*i - 44 = -6*i. What is the units digit of i?
1
Let s be 12/(-16) - (-243)/4. Suppose -s = -5*r - 10. What is the tens digit of r?
1
Suppose -2*j + 7*j - 1001 = -3*d, 2*j = -4*d + 392. What is the tens digit of j?
0
Suppose 2*q + 2*s + s + 3 = 0, -5*s - 5 = -2*q. Suppose -5*m + 306 = -q*t + 2*t, 4*m - 225 = 5*t. What is the units digit of (m/(-25))/((-3)/10)?
8
Let r = -1 - -3. Suppose 2*s = 2 - 12, -41 = -r*v + 5*s. Let n = 14 - v. What is the units digit of n?
6
Let z(a) = a**3 + 5*a**2 - a + 6. Let y = 4 - -7. Suppose -5*k - 36 + y = 0. What is the units digit of z(k)?
1
Let w = -2 + 6. What is the units digit of (w/(-16))/((-1)/28)?
7
Suppose -5*l + 2*a + 107 + 92 = 0, 5*a = 15. What is the tens digit of l?
4
Let w be (-2)/3 + (-28)/(-6). Suppose 4 = -i - 2*x - 1, -w*i = 4*x. What is the units digit of i?
5
What is the units digit of (51/4)/((-11)/(-44))?
1
Let o = 42 - 0. What is the units digit of o?
2
What is the units digit of 4 - (0/3 + -82)?
6
Let n be 3/((-3)/(-2) + -3). What is the tens digit of 11/n*(4 - 6)?
1
Suppose 2*s - 8 = 0, -4*s = 2*n - 0*s - 84. What is the tens digit of n?
3
Suppose 0*r - 3*r + 180 = 0. Suppose -5*a = -a - r. What is the tens digit of a?
1
Suppose 3*m - 2 = 2*m. Suppose -12 = -5*t + m*o, 1 = o - 3. What is the units digit of t?
4
Suppose -13*u = -18*u + 85. What is the tens digit of u?
1
Let b(d) = -d**2 - 7*d - 5. Let f be b(-6). Let o = 3 - f. Suppose -8 = o*u + 4*g, 3*u + 5*g + 19 = 2*u. What is the units digit of u?
6
Suppose 64 = 6*c - 104. Let h be -19 + 1 + -1 + 1. Let l = c + h. What is the units digit of l?
0
Let z(a) = a**3 - 3*a**2 - 3*a - 1. Let r be z(4). Let l be ((-15)/1)/(18/(-12)). Suppose 2*o + r + 1 = 4*w, 2*w = 4*o - l. What is the units digit of w?
3
Suppose 2 = 2*p, -a + p + 0*p = -2. Let s(b) = 4*b**2 - 5*b**a - b + 3*b**3 + 3*b**3 - 2. What is the tens digit of s(-3)?
1
Let u(i) = -i**3 + i**2 - i + 9. Suppose -4*b + 13 = -11. Let t(p) = -p + 6. Let j be t(b). What is the units digit of u(j)?
9
What is the units digit of -6 + 5 - (1 + -117)?
5
Let x(j) = -j - 1. Suppose -5*i + 2*r = 28, 2*i - 2 - 6 = -4*r. Let s be (0 + (-3)/(-4))*i. What is the units digit of x(s)?
2
Let o(t) be the second derivative of 5*t**4/4 + t**3/6 - t. Let h(c) = -c**3 - 10*c**2 - 7*c + 17. Let d be h(-9). What is the tens digit of o(d)?
1
Let a be 2/5 + (-117)/(-45). Suppose a*q - 4*q + 18 = 0. What is the tens digit of q?
1
Let a = 3 - -1. Suppose a*h + 4 = -0*h. What is the units digit of h*0/(-1) - -4?
4
Suppose 0 = -3*l - 2*t - 1 + 55, -4*l + 5*t = -72. What is the units digit of l?
8
Suppose -4*v + 3*v + 1 = 0, -4*v = -2*b + 176. Suppose 0 = -6*m + 3*m + b. What is the units digit of m?
0
Suppose 6*r = 254 + 1240. What is the hundreds digit of r?
2
Suppose 3*u - 2 = -2*v + 5, -5*v + 5*u + 5 = 0. What is the units digit of v?
2
Let n(v) = v**3 + 11*v**2 - 13*v - 13. Let s be n(-12). What is the units digit of 44 - (2 + s + 0)?
3
What is the tens digit of (51/6)/(1/28)?
3
Let b = 9 - -3. Suppose 3*g + g + b = 0. What is the units digit of -1 + (-10 + g)/(-1)?
2
Suppose 0*w + 3*w + 4*l - 22 = 0